9*s**2 + 44*s - 319. Give c(10).
221
Let f(z) = -4975*z + 34816. Determine f(7).
-9
Let w(p) = 2*p**3 - 2*p**2 + 9*p + 11. What is w(-4)?
-185
Let d(q) = q**2 + 242*q + 5203. Determine d(-24).
-29
Let f(j) = -183*j + 16945. Determine f(92).
109
Let m(d) = -d**3 - 7*d**2 + 9731*d + 48702. Determine m(-5).
-3
Let h(n) = -182*n**3 + 3*n**2 - n - 1. What is h(-1)?
185
Let r(u) = -u**3 + 2*u**2 + 143*u - 291. Give r(2).
-5
Let l(w) = w**3 - 10*w**2 - 7*w - 8. What is l(6)?
-194
Let k(y) = -6064*y - 12121. What is k(-2)?
7
Let s(z) = -14*z - 331. Calculate s(-16).
-107
Let n(k) = k**2 - 10*k - 323. Calculate n(22).
-59
Let f(y) = -11*y**3 - 36*y + 67. Calculate f(2).
-93
Let u(d) = -d**3 + 10*d**2 - 29*d + 19. Give u(5).
-1
Let o(a) = -6*a**2 + 149*a - 270. What is o(23)?
-17
Let b(h) = 3*h**3 - 15*h**2 - 65*h + 152. Calculate b(7).
-9
Let u(z) = -2*z**3 - 24*z**2 - 73*z - 30. Calculate u(-7).
-9
Let c(t) = -106*t - 476. Give c(-8).
372
Let s(w) = -33*w - 774. What is s(-22)?
-48
Let w(s) = 23*s**2 + 45*s + 5. Give w(-2).
7
Let h(y) = -y**3 + 45*y**2 - 258*y - 75. Determine h(38).
229
Let d(k) = -100*k + 124. What is d(4)?
-276
Let z(j) = j**2 + 70*j - 614. Determine z(8).
10
Let a(z) = z**3 + 9*z**2 + 11*z + 18. Give a(-8).
-6
Let h(n) = -109*n + 2342. Determine h(22).
-56
Let a(i) = 66*i**3 + 19*i**2 - 23*i + 5. Determine a(1).
67
Let w(o) = 2*o**2 + 170*o + 3174. Calculate w(-29).
-74
Let w(n) = 10*n**2 - 30*n. What is w(2)?
-20
Let o(t) = 9*t - 442. Calculate o(33).
-145
Let i(s) = 2*s**3 - 5*s**2 - 51*s + 149. Calculate i(3).
5
Let q(o) = o**2 - 14*o - 338. Determine q(-13).
13
Let x(z) = -6*z**2 + 31. Determine x(-5).
-119
Let f(k) = -3*k + 177. Determine f(59).
0
Let i(r) = r**2 + 4151*r + 41415. Give i(-10).
5
Let m(n) = -313*n - 4367. What is m(-14)?
15
Let h(u) = 3*u**2 + 178*u - 1308. What is h(7)?
85
Let n(k) = 2*k**2 + 112*k + 310. What is n(-53)?
-8
Let q(u) = u**3 + 57*u + 435. What is q(-6)?
-123
Let a(g) = g**3 - 21*g**2 - 41*g - 73. Give a(23).
42
Let w(j) = 179*j + 190. What is w(-1)?
11
Let u(m) = -7*m**2 - 49*m - 12. Calculate u(4).
-320
Let f(g) = -3*g - 7. What is f(7)?
-28
Let j(b) = 12*b**2 - 13*b - 8. Determine j(3).
61
Let g(d) = -10*d**2 - 53*d + 3. What is g(-6)?
-39
Let r(t) = t**2 + 45*t + 310. Calculate r(-36).
-14
Let p(r) = -42*r - 260. What is p(-6)?
-8
Let l(g) = 9*g**2 + 243*g - 191. What is l(-28)?
61
Let m(o) = 78725*o - 393623. Determine m(5).
2
Let y(o) = -4*o**2 + 1180*o - 14667. Determine y(13).
-3
Let w(u) = u**3 + 17*u**2 - 159*u - 2518. Determine w(-18).
20
Let d(g) = 101*g + 9385. Determine d(-93).
-8
Let h(v) = v**3 - 6*v**2 + 15*v + 133. What is h(0)?
133
Let a(n) = 2*n + 7. Give a(31).
69
Let b(p) = -3*p**2 - 83*p + 429. Calculate b(5).
-61
Let s(c) = -4*c**3 - 50*c**2 - 31*c - 87. Calculate s(-12).
-3
Let n(q) = 2*q**3 - 13*q**2 - 12*q + 109. Give n(6).
1
Let f(t) = t**3 + 93*t**2 + 601*t - 1. Give f(-7).
6
Let l(t) = 2*t**3 - 6*t**2 + 2*t - 8. Determine l(6).
220
Let c(t) = t**3 + 108*t**2 - 107*t + 209. What is c(-109)?
-9
Let y(p) = p**3 - 25*p**2 - 100*p + 3005. Determine y(24).
29
Let u(z) = -z**2 - 121*z - 3638. What is u(-56)?
2
Let t(s) = s**2 + 258*s - 2965. Calculate t(11).
-6
Let j(w) = -w**3 - 18*w**2 + 23*w - 95. What is j(-19)?
-171
Let l(b) = 2264*b - 102. Give l(0).
-102
Let b(o) = -2*o**3 + 74*o**2 + 13*o - 458. What is b(37)?
23
Let w(m) = -m**3 + 18*m**2 + 3*m - 259. Calculate w(17).
81
Let s(c) = 16*c**2 - 74*c - 21. What is s(5)?
9
Let l(v) = -82*v - 2. Calculate l(1).
-84
Let u(x) = x**2 - 96*x - 940. What is u(-9)?
5
Let x(v) = v**3 - 4*v**2 + 20*v - 130. Give x(5).
-5
Let p(v) = -v**3 - 66*v**2 + 13*v - 3648. Determine p(-67).
-30
Let w(v) = -112*v + 3525. Give w(32).
-59
Let l(v) = 58*v + 4318. Determine l(-75).
-32
Let l(i) = 7*i - 2. Determine l(-4).
-30
Let i(c) = 55*c**2 - 294*c - 1. Give i(5).
-96
Let d(i) = -2*i**3 + 11*i**2 + i - 12. Give d(6).
-42
Let d(g) = -g**3 - 5*g**2 + 12*g + 55. Determine d(-3).
1
Let x(y) = 51*y**3 + 2*y**2 - 6*y + 1. Determine x(2).
405
Let k(g) = 281*g - 339. Give k(4).
785
Let s(x) = -480*x + 2876. Determine s(6).
-4
Let m(s) = -13*s + 228. What is m(0)?
228
Let t(a) = a**2 - 84*a + 744. Calculate t(74).
4
Let x(a) = 1187*a**2 + 2376*a. Determine x(-2).
-4
Let w(m) = -10*m**3 - 54*m**2 - 22*m + 1. Calculate w(-5).
11
Let c(i) = -275*i - 2197. Calculate c(-8).
3
Let y(n) = -2599*n - 33778. Determine y(-13).
9
Let h(n) = n**3 + 53*n**2 - 5*n - 288. Calculate h(-53).
-23
Let i(k) = k**3 - 36*k**2 + 104*k - 119. Give i(33).
46
Let n(k) = 2*k**3 - 70*k**2 - 65*k - 45. Calculate n(36).
207
Let u(v) = v**2 - 76*v + 1438. Determine u(28).
94
Let z(b) = 2*b**3 + 18*b**2 - 37*b - 176. Determine z(-10).
-6
Let j(v) = v**3 + 18*v**2 + 2*v + 61. What is j(-18)?
25
Let l(x) = 512*x**2 + 139*x + 140. Calculate l(-1).
513
Let q(p) = 67*p + 3530. Determine q(-52).
46
Let c(o) = -o**3 - 33*o**2 + 60*o - 1732. Calculate c(-36).
-4
Let h(s) = 9258*s - 185153. Give h(20).
7
Let n(l) = -l**3 - 26*l**2 - 17*l + 218. Determine n(-25).
18
Let o(j) = 31*j**3 + 23*j**2 + 51*j - 1. Determine o(-2).
-259
Let s(r) = r**3 + 34*r**2 - 56*r - 739. Give s(-35).
-4
Let v(z) = -23*z + 245. Determine v(8).
61
Let j(l) = l**3 + 67*l**2 + 625*l + 102. Determine j(-11).
3
Let z(n) = -184*n - 2074. Calculate z(-11).
-50
Let z(l) = -3*l**3 + 171*l**2 - 5*l + 281. What is z(57)?
-4
Let m(d) = -2*d - 331. Give m(-58).
-215
Let o(b) = 41*b**2 + 54*b + 144. Calculate o(-3).
351
Let f(v) = -v**3 - 78*v**2 - 82*v - 372. Calculate f(-77).
13
Let k(n) = -n**3 + 42*n**2 - 42*n + 68. Calculate k(41).
27
Let j(i) = 7*i + 390. What is j(-18)?
264
Let k(s) = -s**3 + 15*s**2 - 61*s + 37. Calculate k(9).
-26
Let n(y) = 14*y**2 - 5*y - 90. What is n(-4)?
154
Let a(s) = -189*s + 4916. Calculate a(26).
2
Let c(b) = -2*b**2 - 10*b - 26. Determine c(-4).
-18
Let j(l) = 8*l - 24. What is j(-14)?
-136
Let o(j) = 2*j**2 + 27*j + 107. What is o(-4)?
31
Let p(m) = -209*m - 4182. Calculate p(-20).
-2
Let m(k) = -39*k + 5474. Determine m(140).
14
Let l(x) = -4*x**2 - 27*x - 31. Calculate l(-1).
-8
Let u(i) = i**3 - 13*i**2 + 29*i + 37. Calculate u(10).
27
Let g(f) = -f**3 + 19*f**2 - 1105*f + 16901. Determine g(16).
-11
Let g(z) = -4*z + 106. What is g(27)?
-2
Let h(m) = -m**3 - 3*m**2 - 38*m - 212. Determine h(-5).
28
Let q(z) = 8*z**3 + z**2 - 3*z + 12. Determine q(3).
228
Let g(p) = -16*p**2 + 237*p + 15. Determine g(17).
-580
Let n(m) = -643*m + 94512. Determine n(147).
-9
Let o(b) = 10*b - 215. Determine o(0).
-215
Let c(u) = -200*u - 197. Determine c(-1).
3
Let h(i) = -i**2 - 119*i - 2224. What is h(-23)?
-16
Let m(h) = 43*h - 23. Calculate m(8).
321
Let g(v) = -5*v**2 + 102*v + 1132. Determine g(-8).
-4
Let n(p) = 3*p**2 - 51*p - 152. Calculate n(-10).
658
Let d(r) = -13*r + 212. Determine d(7).
121
Let a(p) = -3*p**3 + 5*p**2 + 148*p + 37. Give a(0).
37
Let k(z) = -1769*z - 30079. Calculate k(-17).
-6
Let l(c) = -10*c - 90. What is l(-5)?
-40
Let x(l) = -l**2 - 6*l. Calculate x(-10).
-40
Let s(m) = -27*m**2 + 76*m - 7. What is s(1)?
42
Let h(b) = -b**3 - 44*b**2 + 690*b + 1011. Calculate h(-56).
3
Let o(j) = -64*j + 5893. Determine o(92).
5
Let m(a) = -397*a - 2759. Determine m(-8).
417
Let c(x) = -2*x - 2. Calculate c(1).
-4
Let d(b) = -b - 101. What is d(-101)?
0
Let t(u) = 2*u**2 - 59*u + 85. Determine t(28).
1
Let u(n) = -383*n**3 + n**2 - n + 1. Give u(1).
-382
Let v(m) = m**2 + 82*m + 1528. Give v(-53).
-9
Let m(q) = 26629*q - 133138. What is m(5)?
7
Let u(x) = 5*x**2 + 101*x - 579. Give u(6).
207
Let t(p) = -p**3 + 24*p**2 - 136*p + 118. Calculate t(7).
-1
Let c(h) = 705*h + 2835. Determine c(-4).
15
Let a(q) = -18*q - 480. What is a(-24)?
-48
Let m(t) = -26*t**2 - 76*t - 2. Determine m(-4).
-114
Let x(r) = r**3 + 14*r**2 + 16*r + 2. Give x(-12).
98
Let j(b) = -59*b**2 - 3663*b - 302. Calculate j(-62).
8
Let j(w) = -2*w**3 - 10*w**2 + 34*w - 14. Give j(-7).
-56
Let x(h) = 7*h**3 - 53*h**2 - 15*h - 86. What is x(8)?
-14
Let x(c) = -397*c + 9568. Determine x(24).
40
Let y(j) = -8*j**3 - 324*j**2 + 508*j + 173. What is y(-42)?
5
Let z(g) = -2*g**2 - 16*g + 161. What is z(-14)?
-7
Let d(g) = -g**3 - 15*g**2 - 17*g + 110. Give d(-13).
-7
Let o(g) = g**2 - 323*g - 10512. What is o(-30)?
78
Let